ds digit of 1356605708?
7
What is the hundred thousands digit of 6905127355?
1
What is the units digit of 249106423?
3
What is the ten millions digit of 355916414?
5
What is the hundreds digit of 35667675?
6
What is the ten millions digit of 1063283046?
6
What is the ten millions digit of 56168887?
5
What is the tens digit of 101913745?
4
What is the thousands digit of 835078560?
8
What is the millions digit of 184265471?
4
What is the ten millions digit of 14150036?
1
What is the hundreds digit of 270128412?
4
What is the units digit of 22798602?
2
What is the units digit of 2756283203?
3
What is the millions digit of 135825411?
5
What is the tens digit of 100221489?
8
What is the hundred millions digit of 747282357?
7
What is the units digit of 25682182?
2
What is the ten millions digit of 122698810?
2
What is the hundred thousands digit of 63943046?
9
What is the billions digit of 5316328981?
5
What is the ten millions digit of 68923998?
6
What is the units digit of 698788521?
1
What is the units digit of 13424587?
7
What is the units digit of 1257775730?
0
What is the hundred millions digit of 100012913?
1
What is the millions digit of 6926545885?
6
What is the hundred millions digit of 193173123?
1
What is the hundred millions digit of 763257873?
7
What is the tens digit of 69734755?
5
What is the units digit of 85204874?
4
What is the thousands digit of 58635636?
5
What is the hundred millions digit of 631738468?
6
What is the ten thousands digit of 24122586?
2
What is the millions digit of 244465617?
4
What is the units digit of 546073926?
6
What is the hundreds digit of 964626198?
1
What is the hundred thousands digit of 49844338?
8
What is the ten millions digit of 131593512?
3
What is the hundreds digit of 135544297?
2
What is the units digit of 1141782717?
7
What is the hundreds digit of 617587781?
7
What is the tens digit of 96400261?
6
What is the ten millions digit of 1402885985?
0
What is the ten thousands digit of 3275506466?
0
What is the millions digit of 104474672?
4
What is the ten thousands digit of 1160422894?
2
What is the ten thousands digit of 557696006?
9
What is the tens digit of 9299072?
7
What is the millions digit of 7145636580?
5
What is the ten thousands digit of 102871234?
7
What is the ten thousands digit of 296134547?
3
What is the hundreds digit of 285229427?
4
What is the thousands digit of 652547626?
7
What is the tens digit of 552965860?
6
What is the hundreds digit of 37918342?
3
What is the ten millions digit of 1073756686?
7
What is the ten millions digit of 47390308?
4
What is the units digit of 38417434?
4
What is the millions digit of 227151143?
7
What is the ten millions digit of 689471627?
8
What is the hundred thousands digit of 1551264639?
2
What is the tens digit of 41137919?
1
What is the millions digit of 251351808?
1
What is the ten thousands digit of 6354066181?
6
What is the ten millions digit of 413141901?
1
What is the hundreds digit of 1625300?
3
What is the millions digit of 265058223?
5
What is the hundreds digit of 30054371?
3
What is the tens digit of 499963235?
3
What is the hundreds digit of 661078881?
8
What is the thousands digit of 7185708467?
8
What is the hundreds digit of 190323765?
7
What is the ten millions digit of 235696598?
3
What is the units digit of 35844794?
4
What is the millions digit of 380523973?
0
What is the units digit of 48488130?
0
What is the hundred thousands digit of 5543337769?
3
What is the hundred thousands digit of 38384693?
3
What is the ten millions digit of 89351984?
8
What is the millions digit of 193504263?
3
What is the billions digit of 2189763223?
2
What is the millions digit of 271365998?
1
What is the units digit of 586019598?
8
What is the thousands digit of 8718312?
8
What is the hundreds digit of 4823384?
3
What is the thousands digit of 21898927?
8
What is the ten millions digit of 1035669394?
3
What is the hundred millions digit of 2889241117?
8
What is the ten millions digit of 941159883?
4
What is the hundreds digit of 2930865531?
5
What is the units digit of 32471335?
5
What is the millions digit of 788841147?
8
What is the hundreds digit of 55117586?
5
What is the units digit of 214328228?
8
What is the thousands digit of 42016909?
6
What is the ten millions digit of 1056765345?
5
What is the millions digit of 6279264?
6
What is the hundreds digit of 1416553531?
5
What is the ten thousands digit of 2100835518?
3
What is the ten thousands digit of 204454716?
5
What is the tens digit of 1437363276?
7
What is the units digit of 39653495?
5
What is the ten millions digit of 104735291?
0
What is the ten millions digit of 97093860?
9
What is the units digit of 525749837?
7
What is the hundred thousands digit of 462706011?
7
What is the hundreds digit of 100703543?
5
What is the tens digit of 2519592027?
2
What is the hundred thousands digit of 44195321?
1
What is the units digit of 52685227?
7
What is the hundred thousands digit of 7218677225?
6
What is the units digit of 5628163135?
5
What is the ten thousands digit of 54918571?
1
What is the ten millions digit of 1931789169?
3
What is the hundred thousands digit of 1274730933?
7
What is the millions digit of 27470673?
7
What is the millions digit of 123249301?
3
What is the tens digit of 630670361?
6
What is the thousands digit of 27143021?
3
What is the ten thousands digit of 5760401459?
0
What is the billions digit of 3046086453?
3
What is the thousands digit of 63160956?
0
What is the ten millions digit of 478605042?
7
What is the hundred thousands digit of 786330661?
3
What is the hundred thousands digit of 945847277?
8
What is the thousands digit of 130832399?
2
What is the millions digit of 1210695142?
0
What is the millions digit of 51166316?
1
What is the hundred thousands digit of 101874823?
8
What is the units digit of 58674665?
5
What is the millions digit of 63424375?
3
What is the hundred thousands digit of 441442773?
4
What is the tens digit of 1406037?
3
What is the hundred thousands digit of 942822777?
8
What is the thousands digit of 4908794740?
4
What is the thousands digit of 36490156?
0
What is the thousands digit of 108116851?
6
What is the millions digit of 210349737?
0
What is the ten thousands digit of 4195684938?
8
What is the millions digit of 96933610?
6
What is the ten millions digit of 812648062?
1
What is the hundred millions digit of 106062646?
1
What is the tens digit of 1123701732?
3
What is the tens digit of 1163169804?
0
What is the ten thousands digit of 147099820?
9
What is the thousands digit of 661560792?
0
What is the units digit of 541646470?
0
What is the tens digit of 137259831?
3
What is the millions digit of 128388663?
8
What is the millions digit of 537627332?
7
What is the hundreds digit of 578113104?
1
What is the millions digit of 85575152?
5
What is the units digit of 20315379?
9
What is the tens digit of 29772601?
0
What is the hundreds digit of 857892961?
9
What is the tens digit of 97920357?
5
What is the hundred millions digit of 938091149?
9
What is the hundred millions digit of 2116903955?
1
What is the millions digit of 77328701?
7
What is the hundred millions digit of 5162197427?
1
What is the billions digit of 5493730202?
5
What is the hundred thousands digit of 5841661?
8
What is the ten thousands digit of 3742160?
4
What is the thousands digit of 322904491?
4
What is the hundred millions digit of 1088687443?
0
What is the ten millions digit of 1187032945?
8
What is the thousands digit of 3732805966?
5
What is the ten millions digit of 26995212?
2
What is the ten thousands digit of 5884390155?
9
What is the units digit of 83098641?
1
What is the hundred millions digit of 886789335?
8
What is the ten thousands digit of 3347490034?
9
What is the hundreds digit of 297863869?
8
What is the units digit of 72686780?
0
What is the hundreds digit of 1462051514?
5
What is the tens digit of 173094408?
0
What is the tens digit of 14724437?
3
What is the thousands digit of 74229143?
9
What is the billions digit of 1961461470?
1
What is the units digit of 1057488334?
4
What is the units digit of 43397821?
1
What is the ten thousands digit of 694080679?
8
What is the units digit of 1719002775?
5
What is the millions digit of 1068232235